ate -19 + 41 + 28 + -46 - (1 - -95 - -2).
-94
What is 192 + -130 + -225 + (36 - 1)?
-128
Evaluate -33 + -25 + 26 + 14 + -108.
-126
Evaluate (40 - (3 - -25)) + (2 - -1) - (-56 - -1).
70
Evaluate -45 + 15 - (91 + -6 + 7).
-122
What is the value of -74 + -76 + 9 + 111?
-30
What is the value of 20 - 19 - (3 + -1 - -22)?
-23
-23 + 23 - 14 - (1 - -27)
-42
Evaluate 44 + 1 + -17 + 0 + (-15 - (120 + -136)).
29
2 - (-4 + -47 + (-11 - -1) - -5)
58
3 + (2 - (103 - -1)) + -183 + 216 + -42
-108
What is the value of 2 + 0 - 71 - ((-96 - 66) + 154)?
-61
Evaluate 7 + -22 + (9 - 8) + -7 - (-21 - -17).
-17
What is the value of -2 + (-21 - -30) + 2 + -71 + -1?
-63
Evaluate 14 - (17 + (-34 - -20) + 12).
-1
-35 + (22 - -53) + (7 - (3 + -2)) + 2
48
Calculate (-27 - (74 + -6)) + 92.
-3
What is the value of -145 + (103 - 100) - 12?
-154
(34 - 130) + (-203 - -235)
-64
Evaluate (1609 - 1669) + (44 - 0).
-16
What is the value of -7 - (-37 + 96 - 32)?
-34
Calculate (209 - 29) + (51 - 146).
85
What is the value of (3 - (78 + 25)) + 27 + -1?
-74
Calculate -138 + (322 - (2 - -48)).
134
Calculate -9 + -2 + -4 - (130 - 144) - -56.
55
Calculate (-13 + 8 - 84) + (-22 - (0 + -7)).
-104
-6 + (10 - 6) + -2 + (-38 - -20)
-22
What is -52 + 71 - (29 + -16 + 50)?
-44
What is -2 - (26 + (3 + 1 - -13)) - -10?
-35
What is -23 + (-2 + -9 - (37 + -45) - -16)?
-10
What is the value of -33 - (70 + -43) - (-12 + 0)?
-48
What is the value of (-2 - -1) + -1 - -3 - (-5 + (4 - 9))?
11
-8 + (0 - 1) + -177 + (75 - 13)
-124
Evaluate -19 - (-10 + -20 - -17) - 5.
-11
What is -34 + -1 - (0 + (-41 - -51))?
-45
Evaluate 125 - (-41 + 162) - (-1 + -72).
77
Evaluate -45 - (-3 + -12 + (15 - 3) - 15).
-27
What is the value of (-276 + 128 - -146) + (-60 - (3 + -1))?
-64
Calculate 0 + 7 + (10 - (66 + 13 - (9 + -19))).
-72
Evaluate -140 + 100 + 78 + -69.
-31
-12 + 35 + (21 - (53 - 19) - (-6 + -2))
18
Calculate (10 - -1) + (-6 - (-102 - (-6 - -5)) - 4).
102
What is the value of (-17 - (26 - (-22 - -20))) + (1 - -3)?
-41
Calculate 98 - (82 + -55 + 123).
-52
What is -2 + -1 + (80 - (56 + -24)) + -32?
13
What is -7 - -81 - (-356 - -354)?
76
What is 27 + 53 + -48 - ((4 - 1) + -1)?
30
What is the value of (-5 - -1) + (1 - -17) + -1 - (29 + 25)?
-41
Calculate (-21 - 22) + (-5 - -25) - (-5 + 0 - -4).
-22
What is the value of -47 + 0 + -217 + 269?
5
Calculate -56 - (-23 - (49 + -14)).
2
Calculate -32 + (-84 - -59 - -41).
-16
Evaluate -19 + (-19 + 28 - (11 - 1)).
-20
Evaluate (6 - (12 + -5)) + 3 + -7 - -1.
-4
What is the value of 3148 - 3189 - (-1 - 33)?
-7
What is 19 - -1 - (-13 - ((-17 - 38) + 23))?
1
What is the value of -11 + 13 + 151 + (-24 - (19 + -44))?
154
What is 34 + 20 + -35 - (43 - -14)?
-38
Evaluate (0 - (0 + 86)) + 458 + -442 + 8.
-62
Calculate -3 + -35 + -2 + -6 - (154 + -135).
-65
Calculate 128 - (98 + (22 - 53)).
61
What is the value of 15 + -1 - (73 + -27 - (10 - 5))?
-27
-26 + -47 + (8 - -31) + -5
-39
What is the value of 2 + (-10 + 14 - -4 - 6) + -10?
-6
1 + (-1 - -12 - (20 - (16 + 1))) - 20
-11
What is ((0 - 2) + -7 - -8) + 8 - (10 - -7)?
-10
What is (6 - 10 - 39) + 19 - -7 - -64?
47
What is 2802 + -2774 + (4 - (4 + -104))?
132
-27 - -1 - (-11038 + 10987)
25
7 + (22 - (8 + (8 - -1))) + 3
15
What is (84 - 83 - -44) + -32 + -2?
11
Evaluate -50 + 5 + -21 + (74 - 65).
-57
What is 121 + -116 - (-7 + 6)?
6
Calculate -38 + 111 - -29 - (-9 + 42).
69
What is the value of (85 - 13) + (-20 - (-25 - 7)) + 22?
106
What is the value of 7 - 1 - -97 - (-743 - -710 - (-18 + -1))?
117
Evaluate 51 - (-33 - (14 - (-37 + 51))).
84
Calculate -49 - (-1 + (4 - 18)) - (-10 - -4).
-28
Evaluate 46680 + -46701 + 3 + (0 - 1 - (1 + -1)).
-19
What is the value of 4808 + -4931 - (-229 - -1)?
105
(38 - (21 - 6) - 11) + 5
17
Evaluate 34 - (-8 + (15 - ((-10 - -6) + 9) - 3)).
35
What is -69 + (-64 - (-38 + -84))?
-11
Evaluate (-2 - 0) + 59 + 2.
59
Evaluate (-63 - -17) + -9 + 123.
68
-6 - (-9 + (-36 - -33) + (2 - -26)) - 10
-32
218 + -130 + 34 - 215
-93
Evaluate 12 + -57 + 88 + -20.
23
What is (-1 - (4 - 11)) + (-22 - (-19 + -2)) - 53?
-48
-3 + (-3 - (36 + -5)) + (15 + -5 - 1)
-28
Evaluate 84 - (86 + -13 - 29).
40
What is the value of -1059 + 1254 + (-113 - 3)?
79
What is the value of -32 - (-88 + 59 + -9) - (30 - 0)?
-24
What is -14 - (-72 + 12 + 102)?
-56
What is the value of -4 - (-5 + -12 + (22 - 4))?
-5
Calculate 40 + (67 - 43) + -110.
-46
What is the value of (-1 + -55 - (-38 + 5 - -19)) + -15?
-57
Evaluate -2 + (47 + -1 + -7 - 16) + 15.
36
What is the value of (1 - 95) + (165 - (238 + -72))?
-95
What is -53 - (-31 + -68 + 22)?
24
What is the value of -25 + 1 + (92 - 99) + 19 + -73?
-85
Calculate -16 + 18 + (-44 - -43).
1
Calculate 3 + (3 - 11) + (27 - (30 + -53)).
45
36 + (-4 + -3 - -3) + 315 + -307
40
Evaluate (-142 - (26 + -139)) + (1 - 17).
-45
Evaluate 1 + 8 - ((70 + -63 - 20) + 4 + -1).
19
What is the value of (-7 - (-19 + 20 + -7)) + 21?
20
What is 22 - (9 - 2) - (13 - (1 + 7))?
10
Calculate 10 + -2 + -94 + 144.
58
Calculate -10 + 17 + -11 - (112 - 203).
87
What is the value of (71 + -51 - 40) + -52 - (3 - (1 + 1))?
-73
Calculate 1 - 56 - (-1070 + 1046).
-31
What is -8 + 22 + -14 + -2 + (6 - 9) + 4?
-1
What is 77 + (-42 + 74 - 66)?
43
(-17 + -5 + (-22 - -25) - 13) + 1 + 5
-26
Evaluate 13 - (62 - 65 - (2 - -15)).
33
Evaluate -30 - (65 + -19 + -63).
-13
(27 - (25 + -2)) + -6 - -61
59
Calculate 3 + 136 - (63 - (64 + 9) - (-4 + 1)).
146
What is 5 + (17 - (-40 + -1 - -34))?
29
Calculate (-230 - -101) + 147 - 22.
-4
Evaluate -6 - 23 - (68 - (-34 + 152)).
21
What is the value of (-26 + 5 + 17 - -22) + 24?
42
What is 6 - 100 - ((-18 - -3) + 314 + -322)?
-71
30 - ((24 + -7 - 8) + -9 - (17 + -4))
43
Evaluate (-11 - 119) + 77 + 85.
32
(-3 - (-51 - -41)) + -1 + 73 + (-4 - -16)
91
What is the value of 51 + 37 + -81 + 21?
28
What is -3 - 4 - -19 - (12 - -32)?
-32
Evaluate 21 - (65 + (16 - 62 - -15)).
-13
Evaluate (-18 - 3) + 2 + 84 + -197 + 102.
-30
-36 + (-35 - -23 - -40)
-8
What is the value of 0 + -61 + (-5 - -9 - 15 - (61 + -85))?
-48
0 + (3 - 2 - -9) + (-7 - -6 - 15)
-6
Evaluate 1 + (1 - -12) + (-5 - -10) + -3.
16
What is the value of 1 + -36 + 3 + -22 + -13 + (-11 - -32)?
-46
4 + -5 + -1 + 1 + -3 - (2495 - 2530)
31
(-4 - (-17 - -10 - (7 - (-1 - -15)))) + 108
104
What is the value of 7 + (2 + -10 - (-15 + -17 + 6))?
25
(-10 + -22 - (-8 + 8 + (-6 - -1))) + -8
-35
Evaluate 0 + -1 + -30 + -33 + 35 - -4.
-25
What is the value of (-41 - (-35 - 32)) + (13 - (3 - 0) - 3)?
33
What is 19 - (20 + 0) - -10 - 59?
-50
1 + -4 + 18 + 5 + (-20 - -27) + -10
17
Evaluate -26 + (86 - 33 - 16).
11
(45 - (6 - -13)) + (4 - -1 - 8)
23
What is the value of 54 + -125 + 8 - -37?
-26
Calculate 55 + -12 + 104 + -135.
12
What is the value of 98 + 14 + 21 + -54 + 32?
111
What is ((22 - 2) + -33 - 1) + -34?
-48
(-72 - 1) + 22 + -2 + (-45 - (-28 - -3))
-73
What is the value of -514 - -479 - (-4 - (100 + 2))?
71
What is 195 - (349 - 155) - (2 - -72)?
-73
Evaluate -15 + -11 + (2 + (-3 - -4) - (-56 - -39)).
-6
33 + (-13 + -5 + -4 - -13)
24
Calculate 3 + -3 - 27 - (-57 + (-58 - -110)).
-22
16 + (-6 + -72 - -4) + -70 + 61
-67
(-130 - 8) + 79 + 84
25
23 - (-18 + 1 + -45) - 21
64
What is 18 - (-16 - -2 - (-232 + 204))?
4
What is (-27 + 36 - (44 - 17)) + 9 + 0?
-9
Evaluate 65 + -39 + (-128 - -95).
-7
-1 + 2 - ((0 - 70) + (5741 - 5671))
1
What is (-23 - -4) + (39 - -60 - 51)?
29
(-59 - 2) + 3352 + -3390
-99
What is the value of -11077 - -11088 - ((29 - -1) + 3 + 0 + -4)?
-18
What is the value of (11 - -61) + -10 - (-3 - -17)?
48
Evaluate 83 + -31 - (224 + -262).
90
Calculate 82 - 96 - (4 + 2 + -30).
10
Evaluate -2 - -59 - ((-1 - -9) + (87 - 43) + -53).
58
28 + 15 + (-2 - 2) + 14 + -21
32
What is (25 - -1) + -7 + 11 + 13 + (-31 - -12)?
24
Evaluate 31 + -25 - (-4 - (-9 + -7) - 26).
20
Calculate 207 - 216 - (-28 - -1).
18
14 - (28 - 28) - (-2 - (-2 + 1))
15
-19 + (9 + -31 - -38) + 54
51
(-38 + 14 - -20) + 10 - (-25 + 0)
31
Evaluate 2 + -37 + -2 + 40 + 9 + -36.
-24
2 + 26 - (-39 + 16 - (26 + -52))
25
What is the value of (167 - 196) + (101 - -36)?
108
4 + (17 + -22 - (8 - 0)) - -58
49
Calculate (-17 + (21 - 23) - 16) + 17 + 105.
87
Calculate 14 - (10 + 33 + 0 + -23).
-6
-26 - (-48 + 39 + -10 + 28)
-35
What is -2 + 40 + 1 + 13 + 16 + 0 + -29?
39
Calculate 2 - 18 - (1436 + -14